{"id":22,"date":"2018-11-10T11:05:44","date_gmt":"2018-11-10T11:05:44","guid":{"rendered":"https:\/\/iyasu.nl\/rolfing\/?page_id=22"},"modified":"2026-03-21T16:52:20","modified_gmt":"2026-03-21T15:52:20","slug":"over-mij","status":"publish","type":"page","link":"https:\/\/iyasu.nl\/rolfing\/over-mij\/","title":{"rendered":"Over mij"},"content":{"rendered":"\n<h3 class=\"wp-block-heading\"><figure><img decoding=\"async\" loading=\"lazy\" class=\"alignleft size-medium wp-image-246\" src=\"https:\/\/iyasu.nl\/rolfing\/wp-content\/uploads\/2018\/12\/Kostas_stavridis_rolfing_haarlem_hilversum-235x300.jpg\" alt=\"\" width=\"235\" height=\"300\" srcset=\"https:\/\/iyasu.nl\/rolfing\/wp-content\/uploads\/2018\/12\/Kostas_stavridis_rolfing_haarlem_hilversum-235x300.jpg 235w, https:\/\/iyasu.nl\/rolfing\/wp-content\/uploads\/2018\/12\/Kostas_stavridis_rolfing_haarlem_hilversum-768x982.jpg 768w, https:\/\/iyasu.nl\/rolfing\/wp-content\/uploads\/2018\/12\/Kostas_stavridis_rolfing_haarlem_hilversum-801x1024.jpg 801w, https:\/\/iyasu.nl\/rolfing\/wp-content\/uploads\/2018\/12\/Kostas_stavridis_rolfing_haarlem_hilversum.jpg 1000w\" sizes=\"(max-width: 235px) 100vw, 235px\" \/><\/figure>Kostas Stavridis<\/h3>\n\n\n\n<p>Ik ben geboren en getogen in Larissa, Griekenland in 1982. Ik heb altijd het grote verlangen gehad om mensen te helpen. Dit heb ik altijd geuit via mijn interesse en liefde voor koken en hierdoor ben ik chef-kok geworden. Al snel raakte ik gefascineerd door de helende eigenschappen van voedingsmiddelen en het helingsproces van mensen. Tijdens de ontdekkingsreis naar mijn ware zelf kwam ik via Aikido in contact met Reiki in 2008, Athene, Griekenland.<\/p>\n\n\n\n<p>Vanaf dat moment was ik zeer ge\u00efnteresseerd in de holistische wijze van genezen. Kort daarna werd ik bewust van mijn verlangen om mijn handen meer actief te gaan gebruiken voor het genezen. Op hetzelfde moment raakte ik gefascineerd door het werken met het lichaam. In 2016 ontdekte ik Rolfing\u00ae Structural Integration. Ook heb ik al heel snel de voordelen van deze methode ervaren. Dankzij de holistische en procesmatige aanpak van het verbeteren van de lichaamsstructuur en het functioneren van een persoon, en het gebruik van de zwaartekracht als gereedschap, vind ik Rolfing SI een effectieve manier op verschillende niveaus en op verschillende manieren. Voor mij was de meest interessante ervaring van het Rolfing proces, dat de verandering van mijn lichaamsstructuur de manier waarop ik het leven ervaar heeft verbeterd. Ik had minder stress en op hetzelfde moment was ik productiever op het werk. Daarnaast merkte dat ik op een meer ontspannen manier met persoonlijke relaties om kon gaan. In 2017 woonde ik het Spectrum Rolfing Seminar bij en in 2018 voltooide ik de training als gecertificeerd Rolfer\u2122 bij de European Rolfing Associaton in M\u00fcnchen, Duitsland. Sinds die tijd heb ik mijn eigen Rolfing praktijk in Nederland.<\/p>\n\n\n\n<h3 class=\"wp-block-heading\">Curriculum Vitae<\/h3>\n\n\n\n<p><strong>2026<\/strong><\/p>\n\n\n\n<ul>\n<li>Structure, Function, Energetic Taxonomy: Integration Beyond Anatomy met Ray McCall en Hiroyoshi Tahata, Dr. Ida Rolf Institute, Lafayette, CO, USA<\/li>\n<\/ul>\n\n\n\n<p><strong>2025<\/strong><\/p>\n\n\n\n<ul>\n<li>Advanced Rolfing Traing met Ray McCall en Hiroyoshi Tahata, Japanese Rolfing\u00ae Association, Tokyo, Japan<\/li>\n\n\n\n<li>Visceral Manipulation IV Thorax met Mark Bloemberg, Barral Instituut Nederland, De Bilt, Nederland<\/li>\n<\/ul>\n\n\n\n<p><strong>2024<\/strong><\/p>\n\n\n\n<ul>\n<li>Exploring Hara met Hiroyoshi Tahata, M\u00fcnchen, Duitsland<\/li>\n\n\n\n<li>Neck for Support Cranium met Hiroyoshi Tahata, Spatial Somatics Instituut, Tokyo, Japan<\/li>\n\n\n\n<li>Visceral Manipulation III Pelvis met Mark Bloemberg, Barral Institute Nederland, De Bilt, Nederland<\/li>\n<\/ul>\n\n\n\n<p><strong>2023<\/strong><\/p>\n\n\n\n<ul>\n<li>Exploring the Rolging\u00ae 7th hour via Yielding met Hiroyoshi Tahata, Spatial Somatics Institute, Tokyo, Japan<\/li>\n\n\n\n<li>Visceral Manipulation II Abdomen II met Mark Bloemberg, Barral Institute Nederland, De Bilt, Nederland<\/li>\n<\/ul>\n\n\n\n<p><strong>2022<\/strong><\/p>\n\n\n\n<ul>\n<li>Visceral Manipulation I Abdomen I met Mark Bloemberg, Barral Instituut Nederland, de Bilt, Nederland<\/li>\n\n\n\n<li>Translation of the Core Sessions into the movement met Hiroyoshi Tahata, Tokyo, Japan<\/li>\n<\/ul>\n\n\n\n<p><strong>2021<\/strong><\/p>\n\n\n\n<ul>\n<li>ScarWork met Sharon Wheeler en Jannie Cnossen, ynbal\u00e2ns, Dokkum, Nederland<\/li>\n<\/ul>\n\n\n\n<p><strong>2020<\/strong><\/p>\n\n\n\n<ul>\n<li>FasciaResearch Update met Dr. Robert Schleip, Somadics Academy, Online <\/li>\n\n\n\n<li>Characterstructuren met Rita Gras, BivT, Amersfoort, Nederland<\/li>\n\n\n\n<li>Lage Rugpijn &#8211; een holistische benadering met Peter Vermeiren, Con Amore, Amsterdam, Nederland<\/li>\n<\/ul>\n\n\n\n<p><strong>2019<\/strong><\/p>\n\n\n\n<ul>\n<li>Medische Basiskennis Pro, Con Amore, Amsterdam, Nederland<\/li>\n\n\n\n<li>Workshop: &#8216;Ultimatly Rolfing is for the Rolfer&#8217; met Hiroyoshi Tahata en Nicola Carofiglio, Tokio, Japan<\/li>\n\n\n\n<li>Workshop: &#8216;Em-body orient\/occident&#8217; met Hiroyoshi Tahata en Nicola Carofiglio, Tokio, Japan<\/li>\n\n\n\n<li>Rolfing Supervision met J\u00f6rg Ahrend-L\u00f6ns, M\u00fcnchen, Duitsland<\/li>\n<\/ul>\n\n\n\n<p><strong>2018<\/strong><\/p>\n\n\n\n<ul>\n<li>Fifth International Fascia Reserch Congress, Berlijn, Duitsland<\/li>\n\n\n\n<li>TMJ Intensive met Peter Schwind, Berlijn en Heike J\u00e4ger, Berlijn, Duitsland<\/li>\n\n\n\n<li>In Connection E.R.A Tweejaarlijkse conferentie, Berlijn, Duitsland<\/li>\n\n\n\n<li>Workshop: The Shoulder Girdle: Support fors self-expression met Mary Bond en Jeanne Vandais, Berlijn, Duitsland<\/li>\n\n\n\n<li>Rolfing, Intensieve training fase III met Giovanni Felicioni en Andrea Clusen, E.R.A. M\u00fcnchen, Duitsland<\/li>\n\n\n\n<li>Rolfing Intensieve training fase II met Harvey Burns, Alan Richardson, Fuensanta Munoz de la Cruz en Andrea Clusen, E.R.A M\u00fcnchen, Duitsland<\/li>\n\n\n\n<li>Rolfing Intensieve training fase I met Harvey Burns, Gerhard Hesse en Nicola Carofiglio, E.R.A. M\u00fcnchen, Duitsland<\/li>\n<\/ul>\n\n\n\n<p><strong>2017<\/strong><\/p>\n\n\n\n<ul>\n<li>Workshop: \u201cBody Weather\u201d manipulations met Frank van de Ven en Katerina Bakatsaki, Amsterdam, Nederland<\/li>\n\n\n\n<li>Rolfing Spectrum met Pierpaola Volpones, Konrad Obermeier en Christoph Sommer, Agatharied, Duitsland<\/li>\n<\/ul>\n\n\n\n<p><strong>2016<\/strong><\/p>\n\n\n\n<ul>\n<li>Herhaling Jikiden Reiki Shoden en Okuden met Takami Kamata, Oberursel, Duitsland<\/li>\n<\/ul>\n\n\n\n<p><strong>2012<\/strong><\/p>\n\n\n\n<ul>\n<li>Jikiden Reiki Shoden en Okuden van Frank Peter Arjava, Eresos, Griekenland<\/li>\n<\/ul>\n\n\n\n<p><strong>2011<\/strong><\/p>\n\n\n\n<ul>\n<li>REIKI III (Master), Osho Neo-Reiki van Filitsa Korba, M\u00fcnchen, Duitsland<\/li>\n<\/ul>\n\n\n\n<p><strong>2010<\/strong><\/p>\n\n\n\n<ul>\n<li>REIKI II, Osho Neo-Reiki van Filitsa Korba, Athene, Griekenland<\/li>\n\n\n\n<li>Energie Cleaning voor ruimtes van Filitsa Korba, Athene, Griekenland<\/li>\n<\/ul>\n\n\n\n<p><strong>2008<\/strong><\/p>\n\n\n\n<ul>\n<li>REIKI I, Osho Neo-Reiki van Filitsa Korba, Athens, Greece.<\/li>\n<\/ul>\n\n\n\n<p><strong>1994-2000<\/strong><\/p>\n\n\n\n<p>Wielrennen met de lokale wielrenclub in Larisa, Griekenland. Ik behaalde het semiprofessioneel niveau in 1999, ik won het Nationale Griekse Mountain Bike Cross-country kampioenschap in 1999 als onderdeel van het nationale team en ik deed mee aan internationale races inclusief Europese en Wereldkampioenschappen.<\/p>\n\n\n\n<p><a class=\"btn btn-lg btn-filled\" href=\"https:\/\/iyasu.nl\/rolfing\/en\/make-a-booking\/\">Reserveer een sessie<\/a><\/p>\n","protected":false},"excerpt":{"rendered":"<p>Kostas Stavridis Ik ben geboren en getogen in Larissa, Griekenland in 1982. Ik heb altijd het grote verlangen gehad om &hellip; <a href=\"https:\/\/iyasu.nl\/rolfing\/over-mij\/\" class=\"more-link\">Lees verder <span class=\"screen-reader-text\">Over mij<\/span><\/a><\/p>\n","protected":false},"author":3,"featured_media":0,"parent":0,"menu_order":0,"comment_status":"closed","ping_status":"closed","template":"","meta":{"footnotes":""},"yoast_head":"<!-- This site is optimized with the Yoast SEO plugin v22.6 - https:\/\/yoast.com\/wordpress\/plugins\/seo\/ -->\n<title>Over mij | Rolfing\u00ae Haarlem en Laren<\/title>\n<meta name=\"description\" content=\"Over Rolfer Kostas. Kostas heeft een Rolfing praktijk in Haarlem en Laren. Lees meer over Kostas en Rolfing of boek een sessie en ervaar!\" \/>\n<meta name=\"robots\" content=\"index, follow, max-snippet:-1, max-image-preview:large, max-video-preview:-1\" \/>\n<link rel=\"canonical\" href=\"https:\/\/iyasu.nl\/rolfing\/over-mij\/\" \/>\n<meta property=\"og:locale\" content=\"nl_NL\" \/>\n<meta property=\"og:type\" content=\"article\" \/>\n<meta property=\"og:title\" content=\"Over mij | Rolfing\u00ae Haarlem en Laren\" \/>\n<meta property=\"og:description\" content=\"Over Rolfer Kostas. Kostas heeft een Rolfing praktijk in Haarlem en Laren. Lees meer over Kostas en Rolfing of boek een sessie en ervaar!\" \/>\n<meta property=\"og:url\" content=\"https:\/\/iyasu.nl\/rolfing\/over-mij\/\" \/>\n<meta property=\"og:site_name\" content=\"Rolfing\u00ae Haarlem en Laren\" \/>\n<meta property=\"article:publisher\" content=\"https:\/\/www.facebook.com\/iyasu.nl\/\" \/>\n<meta property=\"article:modified_time\" content=\"2026-03-21T15:52:20+00:00\" \/>\n<meta property=\"og:image\" content=\"https:\/\/iyasu.nl\/rolfing\/wp-content\/uploads\/2018\/12\/Kostas_stavridis_rolfing_haarlem_hilversum-235x300.jpg\" \/>\n<meta name=\"twitter:card\" content=\"summary_large_image\" \/>\n<meta name=\"twitter:site\" content=\"@StavridisKostas\" \/>\n<meta name=\"twitter:label1\" content=\"Geschatte leestijd\" \/>\n\t<meta name=\"twitter:data1\" content=\"4 minuten\" \/>\n<script type=\"application\/ld+json\" class=\"yoast-schema-graph\">{\"@context\":\"https:\/\/schema.org\",\"@graph\":[{\"@type\":\"WebPage\",\"@id\":\"https:\/\/iyasu.nl\/rolfing\/over-mij\/\",\"url\":\"https:\/\/iyasu.nl\/rolfing\/over-mij\/\",\"name\":\"Over mij | Rolfing\u00ae Haarlem en Laren\",\"isPartOf\":{\"@id\":\"https:\/\/iyasu.nl\/rolfing\/#website\"},\"primaryImageOfPage\":{\"@id\":\"https:\/\/iyasu.nl\/rolfing\/over-mij\/#primaryimage\"},\"image\":{\"@id\":\"https:\/\/iyasu.nl\/rolfing\/over-mij\/#primaryimage\"},\"thumbnailUrl\":\"https:\/\/iyasu.nl\/rolfing\/wp-content\/uploads\/2018\/12\/Kostas_stavridis_rolfing_haarlem_hilversum-235x300.jpg\",\"datePublished\":\"2018-11-10T11:05:44+00:00\",\"dateModified\":\"2026-03-21T15:52:20+00:00\",\"description\":\"Over Rolfer Kostas. Kostas heeft een Rolfing praktijk in Haarlem en Laren. Lees meer over Kostas en Rolfing of boek een sessie en ervaar!\",\"breadcrumb\":{\"@id\":\"https:\/\/iyasu.nl\/rolfing\/over-mij\/#breadcrumb\"},\"inLanguage\":\"nl-NL\",\"potentialAction\":[{\"@type\":\"ReadAction\",\"target\":[\"https:\/\/iyasu.nl\/rolfing\/over-mij\/\"]}]},{\"@type\":\"ImageObject\",\"inLanguage\":\"nl-NL\",\"@id\":\"https:\/\/iyasu.nl\/rolfing\/over-mij\/#primaryimage\",\"url\":\"https:\/\/iyasu.nl\/rolfing\/wp-content\/uploads\/2018\/12\/Kostas_stavridis_rolfing_haarlem_hilversum.jpg\",\"contentUrl\":\"https:\/\/iyasu.nl\/rolfing\/wp-content\/uploads\/2018\/12\/Kostas_stavridis_rolfing_haarlem_hilversum.jpg\",\"width\":1000,\"height\":1279,\"caption\":\"Kostas Stavridis - Certified Rolfer\"},{\"@type\":\"BreadcrumbList\",\"@id\":\"https:\/\/iyasu.nl\/rolfing\/over-mij\/#breadcrumb\",\"itemListElement\":[{\"@type\":\"ListItem\",\"position\":1,\"name\":\"Home\",\"item\":\"https:\/\/iyasu.nl\/rolfing\/\"},{\"@type\":\"ListItem\",\"position\":2,\"name\":\"Over mij\"}]},{\"@type\":\"WebSite\",\"@id\":\"https:\/\/iyasu.nl\/rolfing\/#website\",\"url\":\"https:\/\/iyasu.nl\/rolfing\/\",\"name\":\"Rolfing\u00ae Haarlem en Laren\",\"description\":\"\",\"publisher\":{\"@id\":\"https:\/\/iyasu.nl\/rolfing\/#organization\"},\"potentialAction\":[{\"@type\":\"SearchAction\",\"target\":{\"@type\":\"EntryPoint\",\"urlTemplate\":\"https:\/\/iyasu.nl\/rolfing\/?s={search_term_string}\"},\"query-input\":\"required name=search_term_string\"}],\"inLanguage\":\"nl-NL\"},{\"@type\":\"Organization\",\"@id\":\"https:\/\/iyasu.nl\/rolfing\/#organization\",\"name\":\"Rolfing\u00ae Haarlem en Laren\",\"url\":\"https:\/\/iyasu.nl\/rolfing\/\",\"logo\":{\"@type\":\"ImageObject\",\"inLanguage\":\"nl-NL\",\"@id\":\"https:\/\/iyasu.nl\/rolfing\/#\/schema\/logo\/image\/\",\"url\":\"https:\/\/iyasu.nl\/rolfing\/wp-content\/uploads\/2018\/11\/logo.jpg\",\"contentUrl\":\"https:\/\/iyasu.nl\/rolfing\/wp-content\/uploads\/2018\/11\/logo.jpg\",\"width\":1006,\"height\":655,\"caption\":\"Rolfing\u00ae Haarlem en Laren\"},\"image\":{\"@id\":\"https:\/\/iyasu.nl\/rolfing\/#\/schema\/logo\/image\/\"},\"sameAs\":[\"https:\/\/www.facebook.com\/iyasu.nl\/\",\"https:\/\/x.com\/StavridisKostas\",\"https:\/\/www.instagram.com\/k.stavridis\/\",\"https:\/\/www.linkedin.com\/in\/kostas-stavridis-88644185\/\"]}]}<\/script>\n<!-- \/ Yoast SEO plugin. -->","yoast_head_json":{"title":"Over mij | Rolfing\u00ae Haarlem en Laren","description":"Over Rolfer Kostas. Kostas heeft een Rolfing praktijk in Haarlem en Laren. Lees meer over Kostas en Rolfing of boek een sessie en ervaar!","robots":{"index":"index","follow":"follow","max-snippet":"max-snippet:-1","max-image-preview":"max-image-preview:large","max-video-preview":"max-video-preview:-1"},"canonical":"https:\/\/iyasu.nl\/rolfing\/over-mij\/","og_locale":"nl_NL","og_type":"article","og_title":"Over mij | Rolfing\u00ae Haarlem en Laren","og_description":"Over Rolfer Kostas. Kostas heeft een Rolfing praktijk in Haarlem en Laren. Lees meer over Kostas en Rolfing of boek een sessie en ervaar!","og_url":"https:\/\/iyasu.nl\/rolfing\/over-mij\/","og_site_name":"Rolfing\u00ae Haarlem en Laren","article_publisher":"https:\/\/www.facebook.com\/iyasu.nl\/","article_modified_time":"2026-03-21T15:52:20+00:00","og_image":[{"url":"https:\/\/iyasu.nl\/rolfing\/wp-content\/uploads\/2018\/12\/Kostas_stavridis_rolfing_haarlem_hilversum-235x300.jpg"}],"twitter_card":"summary_large_image","twitter_site":"@StavridisKostas","twitter_misc":{"Geschatte leestijd":"4 minuten"},"schema":{"@context":"https:\/\/schema.org","@graph":[{"@type":"WebPage","@id":"https:\/\/iyasu.nl\/rolfing\/over-mij\/","url":"https:\/\/iyasu.nl\/rolfing\/over-mij\/","name":"Over mij | Rolfing\u00ae Haarlem en Laren","isPartOf":{"@id":"https:\/\/iyasu.nl\/rolfing\/#website"},"primaryImageOfPage":{"@id":"https:\/\/iyasu.nl\/rolfing\/over-mij\/#primaryimage"},"image":{"@id":"https:\/\/iyasu.nl\/rolfing\/over-mij\/#primaryimage"},"thumbnailUrl":"https:\/\/iyasu.nl\/rolfing\/wp-content\/uploads\/2018\/12\/Kostas_stavridis_rolfing_haarlem_hilversum-235x300.jpg","datePublished":"2018-11-10T11:05:44+00:00","dateModified":"2026-03-21T15:52:20+00:00","description":"Over Rolfer Kostas. Kostas heeft een Rolfing praktijk in Haarlem en Laren. Lees meer over Kostas en Rolfing of boek een sessie en ervaar!","breadcrumb":{"@id":"https:\/\/iyasu.nl\/rolfing\/over-mij\/#breadcrumb"},"inLanguage":"nl-NL","potentialAction":[{"@type":"ReadAction","target":["https:\/\/iyasu.nl\/rolfing\/over-mij\/"]}]},{"@type":"ImageObject","inLanguage":"nl-NL","@id":"https:\/\/iyasu.nl\/rolfing\/over-mij\/#primaryimage","url":"https:\/\/iyasu.nl\/rolfing\/wp-content\/uploads\/2018\/12\/Kostas_stavridis_rolfing_haarlem_hilversum.jpg","contentUrl":"https:\/\/iyasu.nl\/rolfing\/wp-content\/uploads\/2018\/12\/Kostas_stavridis_rolfing_haarlem_hilversum.jpg","width":1000,"height":1279,"caption":"Kostas Stavridis - Certified Rolfer"},{"@type":"BreadcrumbList","@id":"https:\/\/iyasu.nl\/rolfing\/over-mij\/#breadcrumb","itemListElement":[{"@type":"ListItem","position":1,"name":"Home","item":"https:\/\/iyasu.nl\/rolfing\/"},{"@type":"ListItem","position":2,"name":"Over mij"}]},{"@type":"WebSite","@id":"https:\/\/iyasu.nl\/rolfing\/#website","url":"https:\/\/iyasu.nl\/rolfing\/","name":"Rolfing\u00ae Haarlem en Laren","description":"","publisher":{"@id":"https:\/\/iyasu.nl\/rolfing\/#organization"},"potentialAction":[{"@type":"SearchAction","target":{"@type":"EntryPoint","urlTemplate":"https:\/\/iyasu.nl\/rolfing\/?s={search_term_string}"},"query-input":"required name=search_term_string"}],"inLanguage":"nl-NL"},{"@type":"Organization","@id":"https:\/\/iyasu.nl\/rolfing\/#organization","name":"Rolfing\u00ae Haarlem en Laren","url":"https:\/\/iyasu.nl\/rolfing\/","logo":{"@type":"ImageObject","inLanguage":"nl-NL","@id":"https:\/\/iyasu.nl\/rolfing\/#\/schema\/logo\/image\/","url":"https:\/\/iyasu.nl\/rolfing\/wp-content\/uploads\/2018\/11\/logo.jpg","contentUrl":"https:\/\/iyasu.nl\/rolfing\/wp-content\/uploads\/2018\/11\/logo.jpg","width":1006,"height":655,"caption":"Rolfing\u00ae Haarlem en Laren"},"image":{"@id":"https:\/\/iyasu.nl\/rolfing\/#\/schema\/logo\/image\/"},"sameAs":["https:\/\/www.facebook.com\/iyasu.nl\/","https:\/\/x.com\/StavridisKostas","https:\/\/www.instagram.com\/k.stavridis\/","https:\/\/www.linkedin.com\/in\/kostas-stavridis-88644185\/"]}]}},"_links":{"self":[{"href":"https:\/\/iyasu.nl\/rolfing\/wp-json\/wp\/v2\/pages\/22"}],"collection":[{"href":"https:\/\/iyasu.nl\/rolfing\/wp-json\/wp\/v2\/pages"}],"about":[{"href":"https:\/\/iyasu.nl\/rolfing\/wp-json\/wp\/v2\/types\/page"}],"author":[{"embeddable":true,"href":"https:\/\/iyasu.nl\/rolfing\/wp-json\/wp\/v2\/users\/3"}],"replies":[{"embeddable":true,"href":"https:\/\/iyasu.nl\/rolfing\/wp-json\/wp\/v2\/comments?post=22"}],"version-history":[{"count":0,"href":"https:\/\/iyasu.nl\/rolfing\/wp-json\/wp\/v2\/pages\/22\/revisions"}],"wp:attachment":[{"href":"https:\/\/iyasu.nl\/rolfing\/wp-json\/wp\/v2\/media?parent=22"}],"curies":[{"name":"wp","href":"https:\/\/api.w.org\/{rel}","templated":true}]}}